{"id":254,"date":"2021-01-26T00:49:58","date_gmt":"2021-01-26T00:49:58","guid":{"rendered":"https:\/\/habib.com.mx\/?post_type=product&#038;p=254"},"modified":"2021-04-22T23:14:27","modified_gmt":"2021-04-22T23:14:27","slug":"mezcal-senor-mono","status":"publish","type":"product","link":"https:\/\/habib.com.mx\/?product=mezcal-senor-mono","title":{"rendered":"Mezcal Se\u00f1or Mono"},"content":{"rendered":"","protected":false},"excerpt":{"rendered":"<p>Maguey: Espad\u00edn<\/p>\n<p>Agave: A.Angustifolia Haw<\/p>\n<p>Horno: C\u00f3nico de tierra<\/p>\n<p>Molienda: Mazo y desgarradora el\u00e9ctrica<\/p>\n<p>Fermentaci\u00f3n: Tinas de madera de sabino y agua de pozo<\/p>\n<p>Destilaci\u00f3n: Doble destilaci\u00f3n de alambique de cobre<\/p>\n<p>Riqueza alcoh\u00f3lica: 41%Alc. Vol.<\/p>\n<p>Zona: Miahuatl\u00e1n de Porfirio D\u00edaz, Oax.<\/p>\n<p>Maestro mezcalero: Rolando Cruz<\/p>\n","protected":false},"featured_media":280,"comment_status":"open","ping_status":"closed","template":"","meta":[],"class_list":{"0":"post-254","1":"product","2":"type-product","3":"status-publish","4":"has-post-thumbnail","6":"product_cat-mezcales","8":"first","9":"instock","10":"taxable","11":"shipping-taxable","12":"purchasable","13":"product-type-variable"},"yoast_head":"<!-- This site is optimized with the Yoast SEO plugin v15.7 - https:\/\/yoast.com\/wordpress\/plugins\/seo\/ -->\n<title>Mezcal Se\u00f1or Mono -<\/title>\n<meta name=\"robots\" content=\"index, follow, max-snippet:-1, max-image-preview:large, max-video-preview:-1\" \/>\n<link rel=\"canonical\" href=\"https:\/\/habib.com.mx\/?product=mezcal-senor-mono\" \/>\n<meta property=\"og:locale\" content=\"es_MX\" \/>\n<meta property=\"og:type\" content=\"article\" \/>\n<meta property=\"og:title\" content=\"Mezcal Se\u00f1or Mono -\" \/>\n<meta property=\"og:description\" content=\"Maguey: Espad\u00edn  Agave: A.Angustifolia Haw  Horno: C\u00f3nico de tierra  Molienda: Mazo y desgarradora el\u00e9ctrica  Fermentaci\u00f3n: Tinas de madera de sabino y agua de pozo  Destilaci\u00f3n: Doble destilaci\u00f3n de alambique de cobre  Riqueza alcoh\u00f3lica: 41%Alc. Vol.  Zona: Miahuatl\u00e1n de Porfirio D\u00edaz, Oax.  Maestro mezcalero: Rolando Cruz\" \/>\n<meta property=\"og:url\" content=\"https:\/\/habib.com.mx\/?product=mezcal-senor-mono\" \/>\n<meta property=\"article:modified_time\" content=\"2021-04-22T23:14:27+00:00\" \/>\n<meta property=\"og:image\" content=\"https:\/\/habib.com.mx\/wp-content\/uploads\/2021\/01\/Captura-de-pantalla-2021-01-26-a-las-13.14.23.png\" \/>\n\t<meta property=\"og:image:width\" content=\"530\" \/>\n\t<meta property=\"og:image:height\" content=\"792\" \/>\n<meta name=\"twitter:card\" content=\"summary_large_image\" \/>\n<script type=\"application\/ld+json\" class=\"yoast-schema-graph\">{\"@context\":\"https:\/\/schema.org\",\"@graph\":[{\"@type\":\"WebSite\",\"@id\":\"https:\/\/habib.com.mx\/#website\",\"url\":\"https:\/\/habib.com.mx\/\",\"name\":\"\",\"description\":\"\",\"potentialAction\":[{\"@type\":\"SearchAction\",\"target\":\"https:\/\/habib.com.mx\/?s={search_term_string}\",\"query-input\":\"required name=search_term_string\"}],\"inLanguage\":\"es\"},{\"@type\":\"ImageObject\",\"@id\":\"https:\/\/habib.com.mx\/?product=mezcal-senor-mono#primaryimage\",\"inLanguage\":\"es\",\"url\":\"https:\/\/habib.com.mx\/wp-content\/uploads\/2021\/01\/Captura-de-pantalla-2021-01-26-a-las-13.14.23.png\",\"width\":530,\"height\":792,\"caption\":\"Se\\u00f1or Mono\"},{\"@type\":\"WebPage\",\"@id\":\"https:\/\/habib.com.mx\/?product=mezcal-senor-mono#webpage\",\"url\":\"https:\/\/habib.com.mx\/?product=mezcal-senor-mono\",\"name\":\"Mezcal Se\\u00f1or Mono -\",\"isPartOf\":{\"@id\":\"https:\/\/habib.com.mx\/#website\"},\"primaryImageOfPage\":{\"@id\":\"https:\/\/habib.com.mx\/?product=mezcal-senor-mono#primaryimage\"},\"datePublished\":\"2021-01-26T00:49:58+00:00\",\"dateModified\":\"2021-04-22T23:14:27+00:00\",\"inLanguage\":\"es\",\"potentialAction\":[{\"@type\":\"ReadAction\",\"target\":[\"https:\/\/habib.com.mx\/?product=mezcal-senor-mono\"]}]}]}<\/script>\n<!-- \/ Yoast SEO plugin. -->","_links":{"self":[{"href":"https:\/\/habib.com.mx\/index.php?rest_route=\/wp\/v2\/product\/254","targetHints":{"allow":["GET"]}}],"collection":[{"href":"https:\/\/habib.com.mx\/index.php?rest_route=\/wp\/v2\/product"}],"about":[{"href":"https:\/\/habib.com.mx\/index.php?rest_route=\/wp\/v2\/types\/product"}],"replies":[{"embeddable":true,"href":"https:\/\/habib.com.mx\/index.php?rest_route=%2Fwp%2Fv2%2Fcomments&post=254"}],"wp:featuredmedia":[{"embeddable":true,"href":"https:\/\/habib.com.mx\/index.php?rest_route=\/wp\/v2\/media\/280"}],"wp:attachment":[{"href":"https:\/\/habib.com.mx\/index.php?rest_route=%2Fwp%2Fv2%2Fmedia&parent=254"}],"curies":[{"name":"wp","href":"https:\/\/api.w.org\/{rel}","templated":true}]}}