{"id":3,"date":"2021-01-22T00:41:00","date_gmt":"2021-01-22T00:41:00","guid":{"rendered":"https:\/\/habib.com.mx\/?page_id=3"},"modified":"2021-01-27T18:41:57","modified_gmt":"2021-01-27T18:41:57","slug":"privacy-policy","status":"publish","type":"page","link":"https:\/\/habib.com.mx\/?page_id=3","title":{"rendered":"Pol\u00edticas de Privacidad"},"content":{"rendered":"\n<p>P\u00c1GINA DE POL\u00cdTICA<\/p>\n\n\n\n<p>SECCI\u00d3N 1: \u00bfQU\u00c9 HACEMOS CON SU INFORMACI\u00d3N?<\/p>\n\n\n\n<p>Cuando compra algo de nuestra tienda, como parte del proceso de compra y venta, recopilamos la informaci\u00f3n personal que nos proporciona, como su nombre, direcci\u00f3n y direcci\u00f3n de correo electr\u00f3nico.<\/p>\n\n\n\n<p>Cuando navega por nuestra tienda, tambi\u00e9n recibimos autom\u00e1ticamente la direcci\u00f3n de protocolo de Internet (IP) de su computadora para proporcionarnos informaci\u00f3n que nos ayude a conocer su navegador y sistema operativo.<\/p>\n\n\n\n<p>Marketing por correo electr\u00f3nico (si corresponde): con su permiso, podemos enviarle correos electr\u00f3nicos sobre nuestra tienda, nuevos productos y otras actualizaciones.<\/p>\n\n\n\n<p>SECCI\u00d3N 2 &#8211; CONSENTIMIENTO<\/p>\n\n\n\n<p>\u00bfC\u00f3mo se obtiene mi consentimiento?<\/p>\n\n\n\n<p>Cuando nos proporciona informaci\u00f3n personal para completar una transacci\u00f3n, verificar su tarjeta de cr\u00e9dito, hacer un pedido, organizar una entrega o devolver una compra, implicamos que acepta que la recopilemos y la usemos solo por ese motivo espec\u00edfico.<\/p>\n\n\n\n<p>Si solicitamos su informaci\u00f3n personal por un motivo secundario, como marketing, le pediremos directamente su consentimiento expreso o le daremos la oportunidad de decir que no.<\/p>\n\n\n\n<p>\u00bfC\u00f3mo retiro mi consentimiento?<\/p>\n\n\n\n<p>Si despu\u00e9s de optar, cambia de opini\u00f3n, puede retirar su consentimiento para que nos comuniquemos con usted, para la recopilaci\u00f3n, uso o divulgaci\u00f3n continua de su informaci\u00f3n, en cualquier momento, contact\u00e1ndonos mediante nuestro formulario de contacto.<\/p>\n\n\n\n<p>SECCI\u00d3N 3 &#8211; DIVULGACI\u00d3N<\/p>\n\n\n\n<p>Podemos divulgar su informaci\u00f3n personal si as\u00ed lo exige la ley o si usted viola nuestros T\u00e9rminos de servicio.<\/p>\n\n\n\n<p>SECCI\u00d3N 4 &#8211; SERVICIOS DE TERCEROS<\/p>\n\n\n\n<p>En general, los proveedores de terceros que utilizamos solo recopilar\u00e1n, usar\u00e1n y divulgar\u00e1n su informaci\u00f3n en la medida necesaria para permitirles realizar los servicios que nos brindan.<\/p>\n\n\n\n<p>Sin embargo, ciertos proveedores de servicios externos, como las pasarelas de pago y otros procesadores de transacciones de pago, tienen sus propias pol\u00edticas de privacidad con respecto a la informaci\u00f3n que debemos proporcionarles para sus transacciones relacionadas con la compra.<\/p>\n\n\n\n<p>Para estos proveedores, le recomendamos que lea sus pol\u00edticas de privacidad para que pueda comprender la forma en que estos proveedores manejar\u00e1n su informaci\u00f3n personal.<\/p>\n\n\n\n<p>En particular, recuerde que ciertos proveedores pueden estar ubicados o tener instalaciones ubicadas en una jurisdicci\u00f3n diferente a la suya o la nuestra. Entonces, si elige continuar con una transacci\u00f3n que involucra los servicios de un proveedor de servicios externo, entonces su informaci\u00f3n puede estar sujeta a las leyes de las jurisdicciones en las que se encuentra ese proveedor de servicios o sus instalaciones.<\/p>\n\n\n\n<p>Como ejemplo, si se encuentra en Canad\u00e1 y su transacci\u00f3n es procesada por una pasarela de pago ubicada en los Estados Unidos, entonces su informaci\u00f3n personal utilizada para completar esa transacci\u00f3n puede estar sujeta a divulgaci\u00f3n seg\u00fan la legislaci\u00f3n de los Estados Unidos, incluida la Ley Patriot.<\/p>\n\n\n\n<p>Una vez que abandona el sitio web de nuestra tienda o es redirigido a un sitio web o aplicaci\u00f3n de terceros, ya no se rige por esta Pol\u00edtica de privacidad ni por los T\u00e9rminos de servicio de nuestro sitio web.<\/p>\n\n\n\n<p>Enlaces<\/p>\n\n\n\n<p>Cuando hace clic en los enlaces de nuestra tienda, pueden alejarlo de nuestro sitio. No somos responsables de las pr\u00e1cticas de privacidad de otros sitios y le recomendamos que lea sus declaraciones de privacidad.<\/p>\n\n\n\n<p>SECCI\u00d3N 5 &#8211; SEGURIDAD<\/p>\n\n\n\n<p>Para proteger su informaci\u00f3n personal, tomamos precauciones razonables y seguimos las mejores pr\u00e1cticas de la industria para asegurarnos de que no se pierda, utilice, acceda, divulgue, altere o destruya de manera inapropiada.<\/p>\n\n\n\n<p>Si nos proporciona la informaci\u00f3n de su tarjeta de cr\u00e9dito, la informaci\u00f3n se cifra utilizando la tecnolog\u00eda de capa de conexi\u00f3n segura (SSL) y se almacena con un cifrado AES-256. Aunque ning\u00fan m\u00e9todo de transmisi\u00f3n por Internet o almacenamiento electr\u00f3nico es 100% seguro, seguimos todos los requisitos de PCI-DSS e implementamos est\u00e1ndares adicionales de la industria generalmente aceptados.<\/p>\n\n\n\n<p>COOKIES<\/p>\n\n\n\n<p>Podemos recopilar informaci\u00f3n sobre su computadora, incluida su direcci\u00f3n IP, sistema operativo y tipo de navegador, para la administraci\u00f3n del sistema y para crear informes. Estos son datos estad\u00edsticos sobre las acciones y patrones de navegaci\u00f3n de nuestros usuarios, y no identifican a ninguna persona.<\/p>\n\n\n\n<p>SECCI\u00d3N 6 &#8211; EDAD DE CONSENTIMIENTO<\/p>\n\n\n\n<p>Al usar este sitio, usted declara que tiene al menos la mayor\u00eda de edad en su estado o provincia de residencia, o que tiene la mayor\u00eda de edad en su estado o provincia de residencia y nos ha dado su consentimiento para permitir cualquiera de sus menores dependientes para usar este sitio.<\/p>\n\n\n\n<p>SECCI\u00d3N 7 &#8211; CAMBIOS A ESTA POL\u00cdTICA DE PRIVACIDAD<\/p>\n\n\n\n<p>Nos reservamos el derecho de modificar esta pol\u00edtica de privacidad en cualquier momento, por lo tanto, rev\u00edsela con frecuencia. Los cambios y aclaraciones entrar\u00e1n en vigencia inmediatamente despu\u00e9s de su publicaci\u00f3n en el sitio web. Si hacemos cambios materiales a esta pol\u00edtica, le notificaremos aqu\u00ed que se ha actualizado, para que sepa qu\u00e9 informaci\u00f3n recopilamos, c\u00f3mo la usamos y bajo qu\u00e9 circunstancias, si corresponde, usamos y \/ o divulgamos eso.<\/p>\n\n\n\n<p>Si nuestra tienda se adquiere o se fusiona con otra compa\u00f1\u00eda, su informaci\u00f3n puede transferirse a los nuevos propietarios para que podamos continuar vendi\u00e9ndole productos.<\/p>\n\n\n\n<p>PREGUNTAS E INFORMACI\u00d3N DE CONTACTO<\/p>\n\n\n\n<p>Si desea: acceder, corregir, modificar o eliminar cualquier informaci\u00f3n personal que tengamos sobre usted, registrar una queja o simplemente desea obtener m\u00e1s informaci\u00f3n, comun\u00edquese con nuestro Oficial de Cumplimiento de Privacidad mediante nuestro formulario de contacto o por correo a admin@habib.com.mx<\/p>\n","protected":false},"excerpt":{"rendered":"<p>P\u00c1GINA DE POL\u00cdTICA SECCI\u00d3N 1: \u00bfQU\u00c9 HACEMOS CON SU INFORMACI\u00d3N? Cuando compra algo de nuestra tienda, como parte del proceso&hellip;<\/p>\n","protected":false},"author":1,"featured_media":0,"parent":0,"menu_order":2,"comment_status":"closed","ping_status":"closed","template":"","meta":{"footnotes":""},"class_list":["post-3","page","type-page","status-publish","hentry"],"yoast_head":"<!-- This site is optimized with the Yoast SEO plugin v15.7 - https:\/\/yoast.com\/wordpress\/plugins\/seo\/ -->\n<title>Pol\u00edticas de Privacidad -<\/title>\n<meta name=\"robots\" content=\"index, follow, max-snippet:-1, max-image-preview:large, max-video-preview:-1\" \/>\n<link rel=\"canonical\" href=\"https:\/\/habib.com.mx\/?page_id=3\" \/>\n<meta property=\"og:locale\" content=\"es_MX\" \/>\n<meta property=\"og:type\" content=\"article\" \/>\n<meta property=\"og:title\" content=\"Pol\u00edticas de Privacidad -\" \/>\n<meta property=\"og:description\" content=\"P\u00c1GINA DE POL\u00cdTICA SECCI\u00d3N 1: \u00bfQU\u00c9 HACEMOS CON SU INFORMACI\u00d3N? Cuando compra algo de nuestra tienda, como parte del proceso&hellip;\" \/>\n<meta property=\"og:url\" content=\"https:\/\/habib.com.mx\/?page_id=3\" \/>\n<meta property=\"article:modified_time\" content=\"2021-01-27T18:41:57+00:00\" \/>\n<meta name=\"twitter:card\" content=\"summary_large_image\" \/>\n<meta name=\"twitter:label1\" content=\"Tiempo de lectura\">\n\t<meta name=\"twitter:data1\" content=\"5 minutos\">\n<script type=\"application\/ld+json\" class=\"yoast-schema-graph\">{\"@context\":\"https:\/\/schema.org\",\"@graph\":[{\"@type\":\"WebSite\",\"@id\":\"https:\/\/habib.com.mx\/#website\",\"url\":\"https:\/\/habib.com.mx\/\",\"name\":\"\",\"description\":\"\",\"potentialAction\":[{\"@type\":\"SearchAction\",\"target\":\"https:\/\/habib.com.mx\/?s={search_term_string}\",\"query-input\":\"required name=search_term_string\"}],\"inLanguage\":\"es\"},{\"@type\":\"WebPage\",\"@id\":\"https:\/\/habib.com.mx\/?page_id=3#webpage\",\"url\":\"https:\/\/habib.com.mx\/?page_id=3\",\"name\":\"Pol\\u00edticas de Privacidad -\",\"isPartOf\":{\"@id\":\"https:\/\/habib.com.mx\/#website\"},\"datePublished\":\"2021-01-22T00:41:00+00:00\",\"dateModified\":\"2021-01-27T18:41:57+00:00\",\"inLanguage\":\"es\",\"potentialAction\":[{\"@type\":\"ReadAction\",\"target\":[\"https:\/\/habib.com.mx\/?page_id=3\"]}]}]}<\/script>\n<!-- \/ Yoast SEO plugin. -->","_links":{"self":[{"href":"https:\/\/habib.com.mx\/index.php?rest_route=\/wp\/v2\/pages\/3","targetHints":{"allow":["GET"]}}],"collection":[{"href":"https:\/\/habib.com.mx\/index.php?rest_route=\/wp\/v2\/pages"}],"about":[{"href":"https:\/\/habib.com.mx\/index.php?rest_route=\/wp\/v2\/types\/page"}],"author":[{"embeddable":true,"href":"https:\/\/habib.com.mx\/index.php?rest_route=\/wp\/v2\/users\/1"}],"replies":[{"embeddable":true,"href":"https:\/\/habib.com.mx\/index.php?rest_route=%2Fwp%2Fv2%2Fcomments&post=3"}],"version-history":[{"count":0,"href":"https:\/\/habib.com.mx\/index.php?rest_route=\/wp\/v2\/pages\/3\/revisions"}],"wp:attachment":[{"href":"https:\/\/habib.com.mx\/index.php?rest_route=%2Fwp%2Fv2%2Fmedia&parent=3"}],"curies":[{"name":"wp","href":"https:\/\/api.w.org\/{rel}","templated":true}]}}